120?
-44503120
In base 7, what is -12444 - 145045?
-160522
In base 12, what is -21262849 - -4?
-21262845
In base 3, what is 1102 + -211210100021101?
-211210100012222
In base 4, what is 233000330233 - 10?
233000330223
In base 14, what is -3 + -21da83d?
-21da842
In base 8, what is -454400 + 662?
-453516
In base 8, what is -177521 + 1054?
-176445
In base 15, what is -73e - 6ba6?
-73e5
In base 13, what is c7b + 132b?
22a9
In base 15, what is -27 + -59b0?
-59d7
In base 11, what is 372588a6 + 4?
372588aa
In base 10, what is 91530804 - -5?
91530809
In base 10, what is 234309 + -1?
234308
In base 16, what is 137 + 21235a?
212491
In base 2, what is -110 - 11001000110101001?
-11001000110101111
In base 8, what is 1322 + 5125?
6447
In base 11, what is -41534 - -1341?
-401a3
In base 16, what is -1 + 1da8af?
1da8ae
In base 15, what is -316e593 - -1?
-316e592
In base 6, what is 13254335 - -324?
13255103
In base 15, what is c - -869217?
869224
In base 3, what is 21200 + 2010001210111?
2010002002011
In base 12, what is 17 - -65888b?
6588a6
In base 16, what is 39502627 + 3?
3950262a
In base 12, what is 7270a0 - 3?
727099
In base 4, what is -300213200 + 10230?
-300202310
In base 12, what is -b89 + -33066?
-34033
In base 4, what is 112033 + 10233?
122332
In base 4, what is -12111123222 + -1?
-12111123223
In base 9, what is 52812641 - 7?
52812633
In base 8, what is 4557770426 - 3?
4557770423
In base 12, what is 2142 + 15a02?
17b44
In base 9, what is -145665161 - -2?
-145665158
In base 8, what is 23544 - -54?
23620
In base 12, what is 17505516a + -4?
175055166
In base 2, what is 11110 + 1000100110010011100100?
1000100110010100000010
In base 10, what is -42 + -414?
-456
In base 10, what is 1 - 8619698?
-8619697
In base 8, what is -11157741 - -60?
-11157661
In base 12, what is 1955091b + 8?
19550927
In base 8, what is -6 - 23237735?
-23237743
In base 15, what is 189d66 + -27?
189d3e
In base 13, what is -1c726a + -2c?
-1c7299
In base 6, what is 21 + -1144232?
-1144211
In base 4, what is -1 + -20301112230?
-20301112231
In base 8, what is -2120 - -323771?
321651
In base 14, what is -1d60c - -544?
-1d0a8
In base 14, what is -4b2 - 4564?
-4a36
In base 10, what is -19642 - 2287?
-21929
In base 5, what is -3 + -100141112134?
-100141112142
In base 5, what is 3041001143 - 0?
3041001143
In base 8, what is 2207 - -317505?
321714
In base 4, what is -3231210131 - 22?
-3231210213
In base 14, what is 22b1 - -d8a?
325b
In base 13, what is 3c + -2ac3429?
-2ac33ba
In base 13, what is -11 + 89592?
89581
In base 9, what is -322885 - -12?
-322873
In base 13, what is 7 + 20157461?
20157468
In base 5, what is 2104102 + 42300?
2201402
In base 12, what is -245368 + 94?
-245294
In base 4, what is -213030011 - -12022?
-213011323
In base 12, what is -abaa39 + 267?
-aba792
In base 9, what is -378 + -14745?
-15234
In base 13, what is -98721c - -19?
-987203
In base 10, what is 18205046 + 3?
18205049
In base 15, what is -35 - bb3b52?
-bb3b87
In base 12, what is -357 - 60076?
-60411
In base 16, what is 1 - 15bae1a?
-15bae19
In base 12, what is 950721 - 12?
95070b
In base 9, what is 1562 + -13143?
-11471
In base 11, what is -70 + 151542?
151482
In base 16, what is 6 - 35a1e53?
-35a1e4d
In base 5, what is -110204 + -11302204?
-11412413
In base 11, what is -1a7 - 53547?
-53743
In base 14, what is -2ddd803 + 16?
-2ddd7cb
In base 5, what is -11021023 + -31412?
-11102440
In base 5, what is -102 + 2420413?
2420311
In base 16, what is 23fdb0 + -161?
23fc4f
In base 12, what is 271949 + -1?
271948
In base 12, what is -34b3197 + 1?
-34b3196
In base 11, what is -a - 72aa7?
-73006
In base 14, what is 16133 - -b1d?
16c52
In base 5, what is -144 - 2410?
-3104
In base 5, what is 43314 - 12143103?
-12044234
In base 15, what is 4 + 885560?
885564
In base 9, what is 3083448 + -13?
3083435
In base 2, what is 1011 + 100110010000001000010010?
100110010000001000011101
In base 3, what is 110 + 20011000012002?
20011000012112
In base 10, what is 157 + 959866?
960023
In base 15, what is -93 - 12adb?
-12b7e
In base 14, what is 2673155 - 9?
267314a
In base 4, what is -1023011 + -101300?
-1130311
In base 5, what is 44240 + -1443320?
-1344030
In base 2, what is 110111011001101100011010 + -101?
110111011001101100010101
In base 8, what is 11303277 - -255?
11303554
In base 16, what is 6 + 184d58?
184d5e
In base 4, what is 2011 - -23200320211?
23200322222
In base 13, what is -183c26 + -5c?
-183c85
In base 8, what is 247 - 167615?
-167346
In base 11, what is -2927 + 19901?
16a85
In base 8, what is -161 + 3161637?
3161456
In base 11, what is 4 + -19201a499?
-19201a495
In base 8, what is 1606222 - 17?
1606203
In base 5, what is 3 - 311033101?
-311033043
In base 10, what is 6436 + -1351?
5085
In base 9, what is -1 - -70123244?
70123243
In base 8, what is 675502 - 7?
675473
In base 2, what is -1001111101100001001001100 + 0?
-1001111101100001001001100
In base 14, what is 552a25 - 2d?
5529d6
In base 13, what is 11c042b5 - 10?
11c042a5
In base 4, what is 1003020 + 3330?
1013010
In base 12, what is -61 - -1b324?
1b283
In base 2, what is 100010001011101011 + -101000?
100010001011000011
In base 11, what is 8a9a + 651?
9640
In base 5, what is 0 - -13133013402?
13133013402
In base 3, what is 100 - 12211200202?
-12211200102
In base 10, what is 2429 - 133951?
-131522
In base 3, what is 2121012221111012111 + -10?
2121012221111012101
In base 16, what is -29 - 9dbdb?
-9dc04
In base 12, what is aa6927 - 4?
aa6923
In base 2, what is 100101011000100000000000 + 11?
100101011000100000000011
In base 15, what is -5 + 8e7a7?
8e7a2
In base 3, what is 2110 - 11200200210?
-11200121100
In base 13, what is 19508805 - -4?
19508809
In base 9, what is 62 + 17048246?
17048318
In base 13, what is -5c68aa46 + -5?
-5c68aa4b
In base 14, what is 212b - -222?
234d
In base 9, what is -12727271 + -22?
-12727303
In base 5, what is 2 - 213100144?
-213100142
In base 12, what is 228724 - 32?
2286b2
In base 8, what is 126762 + -25747?
101013
In base 7, what is -36255 + -353024?
-422312
In base 5, what is -30311 + 121304?
40443
In base 5, what is 41424430011 - 10?
41424430001
In base 15, what is 60c325 + -d?
60c317
In base 6, what is -3451 - -242251?
234400
In base 14, what is 3ca864 + 6?
3ca86a
In base 10, what is 49 - -347280?
347329
In base 8, what is -30355402 + -66?
-30355470
In base 5, what is 4 - -10221021204?
10221021213
In base 2, what is 0 + 1000100100011011000111000000?
1000100100011011000111000000
In base 3, what is -111212221 - 12012112?
-201002110
In base 4, what is -11212101 - 2002213?
-13220320
In base 12, what is 16 + -2771a?
-27704
In base 6, what is 511511 - -1412?
513323
In base 16, what is 9a + -3265d?
-325c3
In base 12, what is 143256 - 12?
143244
In base 4, what is 2133 + 12331311?
13000110
In base 13, what is a4a641 - 2?
a4a63c
In base 2, what is 10011 - -100011100011010010100?
100011100011010100111
In base 2, what is -111111 - 111000001011101?
-111000010011100
In base 3, what is 200202021222 + -202?
200202021020
In base 12, what is b0588a9 - 4?
b0588a5
In base 14, what is 20 + -1b1170c?
-1b116cc
In base 9, what is -465361813 + -5?
-465361818
In base 12, what is -545a - 5a17?
-b275
In base 12, what is 1197 - 1289?
-b2
In base 11, what is 93 + -1697982?
-169789a
In base 13, what is -116 - -1963a7?
196291
In base 2, what is 100110011000000010111000000 + -1110?
100110011000000010110110010
In base 15, what is 5 + 168ca54c?
168ca552
In base 8, what is 7 + 22057610?
22057617
In base 2, what is 111100001111000100010 + -11?
111100001111000011111
In base 5, what is 2320004314 + 23?
2320004342
In base 16, what is -adb8f + 10?
-adb7f
In base 16, what is -f09008 + 1?
-f09007
In base 13, what is -167 - 22511c?
-225286
In base 5, what is 110 - -4114133231?
4114133341
In base 4, what is 20002033332123 + -10?
20002033332113
In base 15, what is 2ebc5 - 1?
2ebc4
In base 5, what is -1304 + -24211113?
-24212422
In base 2, what is 100100 + -10010110001010110001?
-10010110001010001101
In base 11, what is -2a9 + 6375a?
63461
In base 5, what is 40204340 - 10?
40204330
In base 10, what is 148 - -5390979?
5391127
In base 4, what is -22232032132113 - -3?
-22232032132110
In base 8, what is -60204 + 4774?
-53210
In base 6, what is 1030340 - 45410?
540530
In base 12, what is 197a59 